{"id":2118,"date":"2018-10-03T05:09:06","date_gmt":"2018-10-03T05:09:06","guid":{"rendered":"http:\/\/www.cedol.org.ar\/logistica\/?page_id=2118"},"modified":"2018-10-03T05:38:49","modified_gmt":"2018-10-03T05:38:49","slug":"inicio","status":"publish","type":"page","link":"https:\/\/www.cedol.org.ar\/logistica\/","title":{"rendered":"Inicio"},"content":{"rendered":"","protected":false},"excerpt":{"rendered":"","protected":false},"author":1,"featured_media":0,"parent":0,"menu_order":0,"comment_status":"closed","ping_status":"closed","template":"page-home.php","meta":{"_monsterinsights_skip_tracking":false,"_monsterinsights_sitenote_active":false,"_monsterinsights_sitenote_note":"","_monsterinsights_sitenote_category":0,"footnotes":""},"class_list":["post-2118","page","type-page","status-publish","hentry"],"yoast_head":"<!-- This site is optimized with the Yoast SEO plugin v22.3 - https:\/\/yoast.com\/wordpress\/plugins\/seo\/ -->\n<title>Inicio &#187; CEDOL<\/title>\n<meta name=\"description\" content=\"C\u00e1mara de logistica especializada en distribuci\u00f3n y transporte. CEDOL es la entidad gremial empresaria dedicada al sector de los operadores log\u00edsticos.\" \/>\n<meta name=\"robots\" content=\"index, follow, max-snippet:-1, max-image-preview:large, max-video-preview:-1\" \/>\n<link rel=\"canonical\" href=\"https:\/\/www.cedol.org.ar\/logistica\/\" \/>\n<meta property=\"og:locale\" content=\"es_ES\" \/>\n<meta property=\"og:type\" content=\"article\" \/>\n<meta property=\"og:title\" content=\"Inicio &#187; CEDOL\" \/>\n<meta property=\"og:description\" content=\"C\u00e1mara de logistica especializada en distribuci\u00f3n y transporte. CEDOL es la entidad gremial empresaria dedicada al sector de los operadores log\u00edsticos.\" \/>\n<meta property=\"og:url\" content=\"https:\/\/www.cedol.org.ar\/logistica\/\" \/>\n<meta property=\"og:site_name\" content=\"CEDOL\" \/>\n<meta property=\"article:modified_time\" content=\"2018-10-03T05:38:49+00:00\" \/>\n<meta name=\"twitter:card\" content=\"summary_large_image\" \/>\n<script type=\"application\/ld+json\" class=\"yoast-schema-graph\">{\"@context\":\"https:\/\/schema.org\",\"@graph\":[{\"@type\":\"WebPage\",\"@id\":\"https:\/\/www.cedol.org.ar\/logistica\/\",\"url\":\"https:\/\/www.cedol.org.ar\/logistica\/\",\"name\":\"Inicio &#187; CEDOL\",\"isPartOf\":{\"@id\":\"https:\/\/www.cedol.org.ar\/logistica\/#website\"},\"datePublished\":\"2018-10-03T05:09:06+00:00\",\"dateModified\":\"2018-10-03T05:38:49+00:00\",\"description\":\"C\u00e1mara de logistica especializada en distribuci\u00f3n y transporte. CEDOL es la entidad gremial empresaria dedicada al sector de los operadores log\u00edsticos.\",\"breadcrumb\":{\"@id\":\"https:\/\/www.cedol.org.ar\/logistica\/#breadcrumb\"},\"inLanguage\":\"es\",\"potentialAction\":[{\"@type\":\"ReadAction\",\"target\":[\"https:\/\/www.cedol.org.ar\/logistica\/\"]}]},{\"@type\":\"BreadcrumbList\",\"@id\":\"https:\/\/www.cedol.org.ar\/logistica\/#breadcrumb\",\"itemListElement\":[{\"@type\":\"ListItem\",\"position\":1,\"name\":\"Home\",\"item\":\"https:\/\/www.cedol.org.ar\/logistica\/\"},{\"@type\":\"ListItem\",\"position\":2,\"name\":\"Inicio\"}]},{\"@type\":\"WebSite\",\"@id\":\"https:\/\/www.cedol.org.ar\/logistica\/#website\",\"url\":\"https:\/\/www.cedol.org.ar\/logistica\/\",\"name\":\"CEDOL\",\"description\":\"C\u00c1MARA EMPRESARIA DE OPERADORES LOG\u00cdSTICOS\",\"potentialAction\":[{\"@type\":\"SearchAction\",\"target\":{\"@type\":\"EntryPoint\",\"urlTemplate\":\"https:\/\/www.cedol.org.ar\/logistica\/?s={search_term_string}\"},\"query-input\":\"required name=search_term_string\"}],\"inLanguage\":\"es\"}]}<\/script>\n<!-- \/ Yoast SEO plugin. -->","yoast_head_json":{"title":"Inicio &#187; CEDOL","description":"C\u00e1mara de logistica especializada en distribuci\u00f3n y transporte. CEDOL es la entidad gremial empresaria dedicada al sector de los operadores log\u00edsticos.","robots":{"index":"index","follow":"follow","max-snippet":"max-snippet:-1","max-image-preview":"max-image-preview:large","max-video-preview":"max-video-preview:-1"},"canonical":"https:\/\/www.cedol.org.ar\/logistica\/","og_locale":"es_ES","og_type":"article","og_title":"Inicio &#187; CEDOL","og_description":"C\u00e1mara de logistica especializada en distribuci\u00f3n y transporte. CEDOL es la entidad gremial empresaria dedicada al sector de los operadores log\u00edsticos.","og_url":"https:\/\/www.cedol.org.ar\/logistica\/","og_site_name":"CEDOL","article_modified_time":"2018-10-03T05:38:49+00:00","twitter_card":"summary_large_image","schema":{"@context":"https:\/\/schema.org","@graph":[{"@type":"WebPage","@id":"https:\/\/www.cedol.org.ar\/logistica\/","url":"https:\/\/www.cedol.org.ar\/logistica\/","name":"Inicio &#187; CEDOL","isPartOf":{"@id":"https:\/\/www.cedol.org.ar\/logistica\/#website"},"datePublished":"2018-10-03T05:09:06+00:00","dateModified":"2018-10-03T05:38:49+00:00","description":"C\u00e1mara de logistica especializada en distribuci\u00f3n y transporte. CEDOL es la entidad gremial empresaria dedicada al sector de los operadores log\u00edsticos.","breadcrumb":{"@id":"https:\/\/www.cedol.org.ar\/logistica\/#breadcrumb"},"inLanguage":"es","potentialAction":[{"@type":"ReadAction","target":["https:\/\/www.cedol.org.ar\/logistica\/"]}]},{"@type":"BreadcrumbList","@id":"https:\/\/www.cedol.org.ar\/logistica\/#breadcrumb","itemListElement":[{"@type":"ListItem","position":1,"name":"Home","item":"https:\/\/www.cedol.org.ar\/logistica\/"},{"@type":"ListItem","position":2,"name":"Inicio"}]},{"@type":"WebSite","@id":"https:\/\/www.cedol.org.ar\/logistica\/#website","url":"https:\/\/www.cedol.org.ar\/logistica\/","name":"CEDOL","description":"C\u00c1MARA EMPRESARIA DE OPERADORES LOG\u00cdSTICOS","potentialAction":[{"@type":"SearchAction","target":{"@type":"EntryPoint","urlTemplate":"https:\/\/www.cedol.org.ar\/logistica\/?s={search_term_string}"},"query-input":"required name=search_term_string"}],"inLanguage":"es"}]}},"_links":{"self":[{"href":"https:\/\/www.cedol.org.ar\/logistica\/wp-json\/wp\/v2\/pages\/2118","targetHints":{"allow":["GET"]}}],"collection":[{"href":"https:\/\/www.cedol.org.ar\/logistica\/wp-json\/wp\/v2\/pages"}],"about":[{"href":"https:\/\/www.cedol.org.ar\/logistica\/wp-json\/wp\/v2\/types\/page"}],"author":[{"embeddable":true,"href":"https:\/\/www.cedol.org.ar\/logistica\/wp-json\/wp\/v2\/users\/1"}],"replies":[{"embeddable":true,"href":"https:\/\/www.cedol.org.ar\/logistica\/wp-json\/wp\/v2\/comments?post=2118"}],"version-history":[{"count":1,"href":"https:\/\/www.cedol.org.ar\/logistica\/wp-json\/wp\/v2\/pages\/2118\/revisions"}],"predecessor-version":[{"id":2119,"href":"https:\/\/www.cedol.org.ar\/logistica\/wp-json\/wp\/v2\/pages\/2118\/revisions\/2119"}],"wp:attachment":[{"href":"https:\/\/www.cedol.org.ar\/logistica\/wp-json\/wp\/v2\/media?parent=2118"}],"curies":[{"name":"wp","href":"https:\/\/api.w.org\/{rel}","templated":true}]}}

<!-- This site is optimized with the Yoast SEO plugin v22.3 - https://yoast.com/wordpress/plugins/seo/ -->
<title>Inicio &#187; CEDOL</title>
<meta name="description" content="Cámara de logistica especializada en distribución y transporte. CEDOL es la entidad gremial empresaria dedicada al sector de los operadores logísticos." />
<meta name="robots" content="index, follow, max-snippet:-1, max-image-preview:large, max-video-preview:-1" />
<link rel="canonical" href="https://www.cedol.org.ar/logistica/" />
<meta property="og:locale" content="es_ES" />
<meta property="og:type" content="article" />
<meta property="og:title" content="Inicio &#187; CEDOL" />
<meta property="og:description" content="Cámara de logistica especializada en distribución y transporte. CEDOL es la entidad gremial empresaria dedicada al sector de los operadores logísticos." />
<meta property="og:url" content="https://www.cedol.org.ar/logistica/" />
<meta property="og:site_name" content="CEDOL" />
<meta property="article:modified_time" content="2018-10-03T05:38:49+00:00" />
<meta name="twitter:card" content="summary_large_image" />
<script type="application/ld+json" class="yoast-schema-graph">{"@context":"https://schema.org","@graph":[{"@type":"WebPage","@id":"https://www.cedol.org.ar/logistica/","url":"https://www.cedol.org.ar/logistica/","name":"Inicio &#187; CEDOL","isPartOf":{"@id":"https://www.cedol.org.ar/logistica/#website"},"datePublished":"2018-10-03T05:09:06+00:00","dateModified":"2018-10-03T05:38:49+00:00","description":"Cámara de logistica especializada en distribución y transporte. CEDOL es la entidad gremial empresaria dedicada al sector de los operadores logísticos.","breadcrumb":{"@id":"https://www.cedol.org.ar/logistica/#breadcrumb"},"inLanguage":"es","potentialAction":[{"@type":"ReadAction","target":["https://www.cedol.org.ar/logistica/"]}]},{"@type":"BreadcrumbList","@id":"https://www.cedol.org.ar/logistica/#breadcrumb","itemListElement":[{"@type":"ListItem","position":1,"name":"Home","item":"https://www.cedol.org.ar/logistica/"},{"@type":"ListItem","position":2,"name":"Inicio"}]},{"@type":"WebSite","@id":"https://www.cedol.org.ar/logistica/#website","url":"https://www.cedol.org.ar/logistica/","name":"CEDOL","description":"CÁMARA EMPRESARIA DE OPERADORES LOGÍSTICOS","potentialAction":[{"@type":"SearchAction","target":{"@type":"EntryPoint","urlTemplate":"https://www.cedol.org.ar/logistica/?s={search_term_string}"},"query-input":"required name=search_term_string"}],"inLanguage":"es"}]}</script>
<!-- / Yoast SEO plugin. -->

Cámara de logistica especializada en distribución y transporte. CEDOL es la entidad gremial empresaria dedicada al sector de los operadores logísticos.

CÁMARA EMPRESARIA DE OPERADORES LOGÍSTICOS
